er when 1335 is divided by 424?
63
Calculate the remainder when 1111 is divided by 76.
47
Calculate the remainder when 116 is divided by 56.
4
Calculate the remainder when 465 is divided by 34.
23
What is the remainder when 1008 is divided by 13?
7
Calculate the remainder when 114 is divided by 22.
4
Calculate the remainder when 10921 is divided by 49.
43
What is the remainder when 70 is divided by 39?
31
What is the remainder when 97 is divided by 14?
13
Calculate the remainder when 707 is divided by 69.
17
Calculate the remainder when 1263 is divided by 377.
132
What is the remainder when 1987 is divided by 401?
383
Calculate the remainder when 7296 is divided by 30.
6
Calculate the remainder when 194 is divided by 70.
54
Calculate the remainder when 194 is divided by 28.
26
Calculate the remainder when 2642 is divided by 265.
257
What is the remainder when 3128 is divided by 1555?
18
What is the remainder when 566 is divided by 253?
60
What is the remainder when 1000 is divided by 27?
1
What is the remainder when 305 is divided by 304?
1
What is the remainder when 1833 is divided by 112?
41
What is the remainder when 68 is divided by 4?
0
What is the remainder when 699 is divided by 171?
15
Calculate the remainder when 199 is divided by 34.
29
What is the remainder when 1593 is divided by 1583?
10
What is the remainder when 944 is divided by 11?
9
What is the remainder when 1400 is divided by 67?
60
What is the remainder when 109 is divided by 71?
38
What is the remainder when 6140 is divided by 64?
60
What is the remainder when 34 is divided by 5?
4
What is the remainder when 748 is divided by 25?
23
Calculate the remainder when 117 is divided by 24.
21
Calculate the remainder when 242 is divided by 18.
8
Calculate the remainder when 199 is divided by 69.
61
What is the remainder when 2085 is divided by 12?
9
What is the remainder when 98 is divided by 25?
23
What is the remainder when 974 is divided by 243?
2
What is the remainder when 234 is divided by 4?
2
What is the remainder when 341 is divided by 87?
80
Calculate the remainder when 617 is divided by 151.
13
What is the remainder when 2453 is divided by 99?
77
What is the remainder when 898 is divided by 60?
58
Calculate the remainder when 555 is divided by 138.
3
What is the remainder when 115 is divided by 13?
11
Calculate the remainder when 31 is divided by 10.
1
Calculate the remainder when 313 is divided by 35.
33
What is the remainder when 22 is divided by 6?
4
What is the remainder when 29316 is divided by 214?
212
Calculate the remainder when 79 is divided by 42.
37
Calculate the remainder when 293 is divided by 27.
23
What is the remainder when 222 is divided by 61?
39
What is the remainder when 1410 is divided by 59?
53
What is the remainder when 326 is divided by 106?
8
What is the remainder when 6715 is divided by 292?
291
What is the remainder when 248 is divided by 18?
14
Calculate the remainder when 598 is divided by 310.
288
What is the remainder when 5516 is divided by 27?
8
What is the remainder when 417 is divided by 47?
41
What is the remainder when 446 is divided by 215?
16
What is the remainder when 27334 is divided by 68?
66
What is the remainder when 3123 is divided by 1545?
33
What is the remainder when 2957 is divided by 255?
152
What is the remainder when 47 is divided by 10?
7
What is the remainder when 799 is divided by 28?
15
What is the remainder when 376 is divided by 76?
72
What is the remainder when 48 is divided by 16?
0
Calculate the remainder when 333 is divided by 84.
81
Calculate the remainder when 173 is divided by 36.
29
What is the remainder when 898 is divided by 40?
18
Calculate the remainder when 113 is divided by 56.
1
What is the remainder when 164 is divided by 69?
26
What is the remainder when 302 is divided by 101?
100
Calculate the remainder when 317 is divided by 7.
2
What is the remainder when 174 is divided by 48?
30
Calculate the remainder when 325 is divided by 28.
17
Calculate the remainder when 86 is divided by 13.
8
Calculate the remainder when 150 is divided by 27.
15
What is the remainder when 263 is divided by 114?
35
Calculate the remainder when 2201 is divided by 58.
55
Calculate the remainder when 215 is divided by 7.
5
Calculate the remainder when 53 is divided by 8.
5
Calculate the remainder when 687 is divided by 15.
12
What is the remainder when 17909 is divided by 10?
9
What is the remainder when 551 is divided by 148?
107
Calculate the remainder when 718 is divided by 12.
10
Calculate the remainder when 396 is divided by 89.
40
What is the remainder when 269 is divided by 31?
21
Calculate the remainder when 3490 is divided by 106.
98
Calculate the remainder when 1404 is divided by 23.
1
Calculate the remainder when 33 is divided by 2.
1
What is the remainder when 888 is divided by 17?
4
What is the remainder when 314 is divided by 69?
38
Calculate the remainder when 1413 is divided by 685.
43
What is the remainder when 1031 is divided by 127?
15
What is the remainder when 1066 is divided by 22?
10
What is the remainder when 19 is divided by 10?
9
What is the remainder when 852 is divided by 176?
148
What is the remainder when 239 is divided by 95?
49
Calculate the remainder when 96 is divided by 11.
8
Calculate the remainder when 115 is divided by 32.
19
Calculate the remainder when 1006 is divided by 44.
38
Calculate the remainder when 66 is divided by 26.
14
What is the remainder when 185 is divided by 102?
83
Calculate the remainder when 272 is divided by 13.
12
Calculate the remainder when 41 is divided by 8.
1
What is the remainder when 66 is divided by 27?
12
Calculate the remainder when 40 is divided by 23.
17
Calculate the remainder when 163 is divided by 83.
80
What is the remainder when 497 is divided by 126?
119
Calculate the remainder when 27991 is divided by 31.
29
What is the remainder when 291 is divided by 142?
7
Calculate the remainder when 134 is divided by 68.
66
Calculate the remainder when 389 is divided by 82.
61
What is the remainder when 1881 is divided by 128?
89
What is the remainder when 250 is divided by 9?
7
What is the remainder when 910 is divided by 34?
26
Calculate the remainder when 40 is divided by 33.
7
What is the remainder when 2761 is divided by 39?
31
Calculate the remainder when 563 is divided by 155.
98
What is the remainder when 213 is divided by 26?
5
Calculate the remainder when 48 is divided by 11.
4
What is the remainder when 214 is divided by 27?
25
What is the remainder when 254 is divided by 140?
114
What is the remainder when 2 is divided by 2?
0
Calculate the remainder when 286 is divided by 19.
1
Calculate the remainder when 110 is divided by 34.
8
What is the remainder when 376 is divided by 189?
187
What is the remainder when 559 is divided by 17?
15
Calculate the remainder when 148 is divided by 52.
44
What is the remainder when 199 is divided by 17?
12
What is the remainder when 44 is divided by 2?
0
Calculate the remainder when 7551 is divided by 1078.
5
Calculate the remainder when 3123 is divided by 36.
27
What is the remainder when 844 is divided by 143?
129
Calculate the remainder when 25 is divided by 7.
4
Calculate the remainder when 3131 is divided by 174.
173
Calculate the remainder when 1217 is divided by 111.
107
What is the remainder when 848 is divided by 139?
14
What is the remainder when 195 is divided by 80?
35
Calculate the remainder when 617 is divided by 89.
83
What is the remainder when 127 is divided by 22?
17
Calculate the remainder when 1790 is divided by 9.
8
What is the remainder when 256 is divided by 8?
0
What is the remainder when 100 is divided by 3?
1
What is the remainder when 72 is divided by 5?
2
Calculate the remainder when 99 is divided by 21.
15
Calculate the remainder when 2935 is divided by 13.
10
Calculate the remainder when 389 is divided by 19.
9
What is the remainder when 920 is divided by 142?
68
Calculate the remainder when 630 is divided by 193.
51
What is the remainder when 1226 is divided by 30?
26
Calculate the remainder when 644 is divided by 208.
20
Calculate the remainder when 539 is divided by 175.
14
What is the remainder when 256 is divided by 10?
6
Calculate the remainder when 102 is divided by 53.
